{"id":74,"date":"2024-08-10T15:07:30","date_gmt":"2024-08-10T15:07:30","guid":{"rendered":"https:\/\/seniorenbeirat-stadt-freudenberg.de\/?page_id=74"},"modified":"2024-08-10T15:08:58","modified_gmt":"2024-08-10T15:08:58","slug":"impressum","status":"publish","type":"page","link":"https:\/\/seniorenbeirat-stadt-freudenberg.de\/?page_id=74","title":{"rendered":"Impressum"},"content":{"rendered":"\n<p><strong><em>Impressum<\/em><\/strong><\/p>\n\n\n\n<p>&nbsp;<strong><em>Seniorenbeirat der Stadt Freudenberg<\/em><\/strong><\/p>\n\n\n\n<p><em>&nbsp;Internetbeauftragter Karlfried Becker<\/em><\/p>\n\n\n\n<p><em>&nbsp;Waldstrasse 58<\/em><\/p>\n\n\n\n<p><em>&nbsp;57258 Freudenberg<\/em><\/p>\n\n\n\n<p><em>&nbsp;Telefon: +49 (0)2734 60716<\/em><\/p>\n\n\n\n<p><em>&nbsp;E-Mail: &nbsp; <a href=\"mailto:info@seniorenbeirat-stadt-freudenberg.de\">info@seniorenbeirat-stadt-freudenberg.de<\/a><\/em><\/p>\n\n\n\n<h4 class=\"wp-block-heading\"><em>Datenschutzunterrichtung<\/em><\/h4>\n\n\n\n<p><em>Ihre E-Mails und die online versendbaren Formulare werden ohne zus\u00e4tzliche Verschl\u00fcsselungstechniken an den Seniorenbeirat der Stadt Freudenberg&nbsp; weitergeleitet.<\/em><\/p>\n\n\n\n<h4 class=\"wp-block-heading\"><em>&nbsp;<\/em><\/h4>\n\n\n\n<h4 class=\"wp-block-heading\"><em>Speicherung von Daten<\/em><\/h4>\n\n\n\n<p><em>In Verbindung mit Ihrem Zugriff auf das Angebot von <a href=\"http:\/\/www.freudenberg-stadt.de\/\" target=\"_blank\" rel=\"noreferrer noopener\">www.seniorenbeirat-stadt-freudenberg.de<\/a> werden vor\u00fcbergehend Daten gespeichert und verarbeitet, die m\u00f6glicherweise eine Identifizierung zulassen (z.B. IP-Adresse, Datum, Uhrzeit und aufgerufene Seiten). Sie werden dauerhaft nur in anonymisierter Form gespeichert und f\u00fcr statistische Zwecke ausgewertet.<\/em><br><br><em>Dar\u00fcber hinaus werden personenbezogene Daten (z.B. Ihr Name, Ihre E-Mail-Adresse usw.) nur dann \u00fcbermittelt, wenn Sie uns ausdr\u00fccklich und wissentlich solche Informationen f\u00fcr bestimmte Zwecke zur Verf\u00fcgung stellen. Sie werden nur in dem Umfang verarbeitet, gespeichert und weitergeleitet, wie es f\u00fcr den jeweiligen Zweck erforderlich ist oder Ihre Einwilligung vorliegt. Aktive Elemente auf HTML-Seiten (JavaScript, ActiveX, usw.) werden grunds\u00e4tzlich nicht eingesetzt.<\/em><\/p>\n\n\n\n<h4 class=\"wp-block-heading\"><em>&nbsp;<\/em><\/h4>\n\n\n\n<h4 class=\"wp-block-heading\"><em>Daten\u00fcbertragung<\/em><\/h4>\n\n\n\n<p><em>Das Fernmeldegeheimnis sch\u00fctzt grunds\u00e4tzlich auch Ihre Mail-Inhalte und Formulareingaben vor unbefugter Kenntnisnahme und Verarbeitung. Seine Beachtung k\u00f6nnen wir f\u00fcr den Bereich der Stadt Freudenberg ( Seniorenbeirat ) sicherstellen. Wir weisen Sie aber darauf hin, dass die Daten\u00fcbertragung \u00fcber das Internet generell von anderen Internet-Betreibern und Nutzern aufgezeichnet werden k\u00f6nnen. Personenbezogene Daten werden deshalb nach M\u00f6glichkeit nur verschl\u00fcsselt \u00fcbertragen.<\/em><\/p>\n\n\n\n<h4 class=\"wp-block-heading\"><em>&nbsp;<\/em><\/h4>\n\n\n\n<h4 class=\"wp-block-heading\"><em>Zugang gem\u00e4\u00df \u00a7 3a Verwaltungsverfahrensgesetz (VwVfG)<\/em><\/h4>\n\n\n\n<p><em>Gem\u00e4\u00df \u00a7 3a VwVfG bzw. VwVfG NRW ist die \u00dcbermittlung elektronischer Dokumente zul\u00e4ssig, soweit der Empf\u00e4nger hierf\u00fcr einen Zugang er\u00f6ffnet.<\/em><br><br><em>Die Stadt Freudenberg ( Seniorenbeirat ) betreibt noch keine virtuelle Poststelle oder einen anders gearteten Zugang im Sinne des \u00a7 3a VwVfG. Die Ver\u00f6ffentlichung von eMail-Adressen im Internetauftritt und auf Briefb\u00f6gen ist daher nicht als Er\u00f6ffnung des Zugangs zur \u00dcbermittlung elektronischer Dokumente zu verstehen. Etwas anderes gilt nur, sofern dieses im Einzelfall besonders gekennzeichnet ist.<\/em><br><br><em>F\u00f6rmliche Verfahrensantr\u00e4ge, Widerspr\u00fcche, Schrifts\u00e4tze oder \u00e4hnliches k\u00f6nnen \u00fcber das Internet nicht rechtswirksam eingereicht werden. Sollte Ihre Nachricht einen entsprechenden Schriftsatz beinhalten, ist eine Wiederholung der \u00dcbermittlung mittels Telefax oder auf dem Postwege erforderlich.<\/em><\/p>\n\n\n\n<h4 class=\"wp-block-heading\"><em>&nbsp;<\/em><\/h4>\n\n\n\n<h4 class=\"wp-block-heading\"><em>Hinweise zum Urheberrecht und zur Haftung<\/em><\/h4>\n\n\n\n<p><em>Alle angebotenen Inhalte dienen ausschlie\u00dflich der Information. Die in diesem Webauftritt \u00f6ffentlich zug\u00e4nglich gemachten Dokumente einschlie\u00dflich anderer dazugeh\u00f6riger Daten wie z.B. Bilder, Grafiken, Programmiercodes sind urheberrechtlich gesch\u00fctzt. Verantwortlich f\u00fcr die Inhalte sind die jeweiligen Autoren. F\u00fcr Dokumente, die in elektronischer Form \u00fcber Datennetze angeboten werden, gilt uneingeschr\u00e4nkt das Urheberrechtsgesetz (UrhG).<\/em><\/p>\n\n\n\n<p><br><em>Insbesondere gilt:<\/em><br><em>Einzelne Vervielf\u00e4ltigungen, z.B. Kopien und Ausdrucke, d\u00fcrfen nur zum privaten und sonstigen eigenen Gebrauch angefertigt werden (Paragraph 53 UrhG). Die Herstellung und Verbreitung von weiteren Reproduktionen ist nur mit ausdr\u00fccklicher Genehmigung des Urhebers gestattet.<\/em><br><em>Der Benutzer ist f\u00fcr die Einhaltung der Rechtsvorschriften selbst verantwortlich und kann bei Missbrauch haftbar gemacht werden.<\/em><br><br><em>Alle Inhalte dieser Internetpr\u00e4sentation werden wiedergegeben ohne Gew\u00e4hr f\u00fcr ihre Richtigkeit, Aktualit\u00e4t und Vollst\u00e4ndigkeit. In keinem Fall wird f\u00fcr Sch\u00e4den, die sich aus der Verwendung der abgerufenen Informationen ergeben, eine Haftung \u00fcbernommen.<\/em><br><em>F\u00fcr die Inhalte der \u00fcber Hyperlinks verbundenen Angebote auf andere Sites sind die jeweiligen Betreiber verantwortlich.<\/em><br><em>Die Wiedergabe von Namen und Marken sowie in den \u00f6ffentlich zug\u00e4nglich gemachten Dokumenten berechtigt auch ohne besondere Kennzeichnung nicht zu der Annahme, dass solche Namen und Marken im Sinne des Wettbewerbs- und Markenrechts als frei zu betrachten sind und von jedermann benutzt werden d\u00fcrfen.<\/em><br><em>Alle angebotenen Inhalte und Dienste sowie s\u00e4mtliches mit dieser Site zusammenh\u00e4ngendes Tun, Dulden oder Unterlassen unterliegt ausschlie\u00dflich deutschem Recht.<\/em><\/p>\n\n\n\n<h4 class=\"wp-block-heading\"><em>&nbsp;<\/em><\/h4>\n\n\n\n<h4 class=\"wp-block-heading\"><em>Verantwortlicher im Sinne von \u00a7 55 Abs. 2&nbsp;Rundfunkstaatsvertrag (RStV)<\/em><\/h4>\n\n\n\n<p><em>Inhaltlich Verantwortlicher im Sinne von \u00a7 55 Abs. 2 RStV ist der <strong>Seniorenbeirat der Stadt Freudenberg.<\/strong><\/em><\/p>\n","protected":false},"excerpt":{"rendered":"<p>Impressum &nbsp;Seniorenbeirat der Stadt Freudenberg &nbsp;Internetbeauftragter Karlfried Becker &nbsp;Waldstrasse 58 &nbsp;57258 Freudenberg &nbsp;Telefon: +49 (0)2734 60716 &nbsp;E-Mail: &nbsp; info@seniorenbeirat-stadt-freudenberg.de Datenschutzunterrichtung Ihre E-Mails und die online versendbaren Formulare werden ohne zus\u00e4tzliche Verschl\u00fcsselungstechniken an den Seniorenbeirat der Stadt Freudenberg&nbsp; weitergeleitet. &nbsp; Speicherung von Daten In Verbindung mit&nbsp;&hellip;<\/p>\n","protected":false},"author":1,"featured_media":0,"parent":0,"menu_order":0,"comment_status":"closed","ping_status":"closed","template":"","meta":{"footnotes":""},"class_list":["post-74","page","type-page","status-publish","hentry"],"_links":{"self":[{"href":"https:\/\/seniorenbeirat-stadt-freudenberg.de\/index.php?rest_route=\/wp\/v2\/pages\/74","targetHints":{"allow":["GET"]}}],"collection":[{"href":"https:\/\/seniorenbeirat-stadt-freudenberg.de\/index.php?rest_route=\/wp\/v2\/pages"}],"about":[{"href":"https:\/\/seniorenbeirat-stadt-freudenberg.de\/index.php?rest_route=\/wp\/v2\/types\/page"}],"author":[{"embeddable":true,"href":"https:\/\/seniorenbeirat-stadt-freudenberg.de\/index.php?rest_route=\/wp\/v2\/users\/1"}],"replies":[{"embeddable":true,"href":"https:\/\/seniorenbeirat-stadt-freudenberg.de\/index.php?rest_route=%2Fwp%2Fv2%2Fcomments&post=74"}],"version-history":[{"count":2,"href":"https:\/\/seniorenbeirat-stadt-freudenberg.de\/index.php?rest_route=\/wp\/v2\/pages\/74\/revisions"}],"predecessor-version":[{"id":77,"href":"https:\/\/seniorenbeirat-stadt-freudenberg.de\/index.php?rest_route=\/wp\/v2\/pages\/74\/revisions\/77"}],"wp:attachment":[{"href":"https:\/\/seniorenbeirat-stadt-freudenberg.de\/index.php?rest_route=%2Fwp%2Fv2%2Fmedia&parent=74"}],"curies":[{"name":"wp","href":"https:\/\/api.w.org\/{rel}","templated":true}]}}