{"id":149,"date":"2024-12-04T13:49:57","date_gmt":"2024-12-04T13:49:57","guid":{"rendered":"https:\/\/seniorenbeirat-stadt-freudenberg.de\/?page_id=149"},"modified":"2025-01-07T15:51:39","modified_gmt":"2025-01-07T15:51:39","slug":"zussamenarbeit","status":"publish","type":"page","link":"https:\/\/seniorenbeirat-stadt-freudenberg.de\/?page_id=149","title":{"rendered":"Zusamenarbeit"},"content":{"rendered":"\n<h1 class=\"wp-block-heading\">Senioren-Service-Stelle<\/h1>\n\n\n\n<p><strong>Zu allen Themen der Alltagsbew\u00e4ltigung, ob es um Gesundheit, selbstst\u00e4ndiger Lebensf\u00fchrung oder Angebote f\u00fcr Senioren geht, wird hier kompetent beraten oder an zust\u00e4ndige Stellen vermittelt.<\/strong><\/p>\n\n\n\n<p><strong>Ansprechpartnerin:<\/strong><\/p>\n\n\n\n<p>Frau Hensel-Gl\u00f6ckner<\/p>\n\n\n\n<p>Telefon: 02734\/43-174<\/p>\n\n\n\n<p>E-Mail: <a href=\"mailto:t.gloeckner@freudenberg-stadt.de\">t.gloeckner@freudenberg-stadt.de<\/a><\/p>\n\n\n\n<h2 class=\"wp-block-heading\">Gesch\u00e4ftsstelle der LSV NRW e.V.<\/h2>\n\n\n\n<p>Dunantstra\u00dfe 30<br>48151 M\u00fcnster<\/p>\n\n\n\n<p>Tel. (02 51) 21 20&nbsp;50<br>Fax (02 51) 2 00 66&nbsp;13<\/p>\n\n\n\n<p>E\u2011Mail <a href=\"mailto:info@lsv-nrw.de\">info@lsv-nrw.de<\/a><\/p>\n\n\n\n<p><\/p>\n","protected":false},"excerpt":{"rendered":"<p>Senioren-Service-Stelle Zu allen Themen der Alltagsbew\u00e4ltigung, ob es um Gesundheit, selbstst\u00e4ndiger Lebensf\u00fchrung oder Angebote f\u00fcr Senioren geht, wird hier kompetent beraten oder an zust\u00e4ndige Stellen vermittelt. Ansprechpartnerin: Frau Hensel-Gl\u00f6ckner Telefon: 02734\/43-174 E-Mail: t.gloeckner@freudenberg-stadt.de Gesch\u00e4ftsstelle der LSV NRW e.V. Dunantstra\u00dfe 3048151 M\u00fcnster Tel. (02 51) 21&nbsp;&hellip;<\/p>\n","protected":false},"author":1,"featured_media":0,"parent":0,"menu_order":0,"comment_status":"closed","ping_status":"closed","template":"","meta":{"footnotes":""},"class_list":["post-149","page","type-page","status-publish","hentry"],"_links":{"self":[{"href":"https:\/\/seniorenbeirat-stadt-freudenberg.de\/index.php?rest_route=\/wp\/v2\/pages\/149","targetHints":{"allow":["GET"]}}],"collection":[{"href":"https:\/\/seniorenbeirat-stadt-freudenberg.de\/index.php?rest_route=\/wp\/v2\/pages"}],"about":[{"href":"https:\/\/seniorenbeirat-stadt-freudenberg.de\/index.php?rest_route=\/wp\/v2\/types\/page"}],"author":[{"embeddable":true,"href":"https:\/\/seniorenbeirat-stadt-freudenberg.de\/index.php?rest_route=\/wp\/v2\/users\/1"}],"replies":[{"embeddable":true,"href":"https:\/\/seniorenbeirat-stadt-freudenberg.de\/index.php?rest_route=%2Fwp%2Fv2%2Fcomments&post=149"}],"version-history":[{"count":5,"href":"https:\/\/seniorenbeirat-stadt-freudenberg.de\/index.php?rest_route=\/wp\/v2\/pages\/149\/revisions"}],"predecessor-version":[{"id":314,"href":"https:\/\/seniorenbeirat-stadt-freudenberg.de\/index.php?rest_route=\/wp\/v2\/pages\/149\/revisions\/314"}],"wp:attachment":[{"href":"https:\/\/seniorenbeirat-stadt-freudenberg.de\/index.php?rest_route=%2Fwp%2Fv2%2Fmedia&parent=149"}],"curies":[{"name":"wp","href":"https:\/\/api.w.org\/{rel}","templated":true}]}}